he prime factors of 2419257.
3, 617, 1307
What are the prime factors of 286662?
2, 3, 47777
List the prime factors of 3654.
2, 3, 7, 29
List the prime factors of 344282.
2, 79, 2179
List the prime factors of 4538449.
541, 8389
List the prime factors of 1059614.
2, 529807
List the prime factors of 290719.
11, 13, 19, 107
List the prime factors of 167179.
47, 3557
What are the prime factors of 188365?
5, 101, 373
What are the prime factors of 14782710?
2, 3, 5, 492757
List the prime factors of 14860901.
11, 41, 83, 397
List the prime factors of 7797907.
13, 101, 5939
List the prime factors of 1214600.
2, 5, 6073
What are the prime factors of 1536617?
1536617
List the prime factors of 213144.
2, 3, 83, 107
List the prime factors of 195687.
3, 17, 1279
List the prime factors of 238566.
2, 3, 39761
What are the prime factors of 1236874?
2, 618437
List the prime factors of 8906834.
2, 4453417
List the prime factors of 16212679.
7, 17, 19463
What are the prime factors of 215446?
2, 7, 11, 1399
List the prime factors of 2773670.
2, 5, 61, 4547
What are the prime factors of 98936?
2, 83, 149
List the prime factors of 2237813.
2237813
List the prime factors of 275890.
2, 5, 47, 587
What are the prime factors of 12044990?
2, 5, 107, 11257
What are the prime factors of 585722?
2, 61, 4801
What are the prime factors of 12586127?
619, 20333
What are the prime factors of 789226?
2, 173, 2281
What are the prime factors of 760222?
2, 41, 73, 127
What are the prime factors of 582211?
7, 31, 2683
What are the prime factors of 361804?
2, 29, 3119
List the prime factors of 9842336.
2, 7, 6277
List the prime factors of 3859652.
2, 964913
What are the prime factors of 113667?
3, 37889
What are the prime factors of 1352068?
2, 338017
What are the prime factors of 1805295?
3, 5, 61, 1973
List the prime factors of 14070024.
2, 3, 21713
What are the prime factors of 1346214?
2, 3, 89, 2521
What are the prime factors of 17284?
2, 29, 149
List the prime factors of 934784.
2, 67, 109
List the prime factors of 5885147.
5885147
What are the prime factors of 5838081?
3, 659, 2953
What are the prime factors of 25127326?
2, 7, 17, 71, 1487
What are the prime factors of 770679?
3, 7, 13, 941
List the prime factors of 7237213.
89, 233, 349
What are the prime factors of 5238587?
439, 11933
What are the prime factors of 92644?
2, 19, 23, 53
What are the prime factors of 1972381?
1972381
List the prime factors of 19072789.
19, 89, 11279
What are the prime factors of 129899?
7, 11, 241
What are the prime factors of 8644258?
2, 7, 617447
List the prime factors of 1260511.
7, 180073
List the prime factors of 3443937.
3, 7, 163997
What are the prime factors of 126230?
2, 5, 13, 971
List the prime factors of 1480342.
2, 740171
List the prime factors of 230121.
3, 947
List the prime factors of 372668.
2, 151, 617
What are the prime factors of 1643948?
2, 23, 107, 167
What are the prime factors of 15179865?
3, 5, 661, 1531
List the prime factors of 3858384.
2, 3, 31, 2593
List the prime factors of 205025.
5, 59, 139
List the prime factors of 245809.
409, 601
List the prime factors of 4633565.
5, 59, 113, 139
List the prime factors of 10920.
2, 3, 5, 7, 13
List the prime factors of 267776.
2, 523
List the prime factors of 407654.
2, 13, 15679
List the prime factors of 23852681.
1811, 13171
What are the prime factors of 138312?
2, 3, 17, 113
What are the prime factors of 135864?
2, 3, 17, 37
What are the prime factors of 859262?
2, 429631
What are the prime factors of 13392732?
2, 3, 41, 163, 167
List the prime factors of 1140453.
3, 42239
List the prime factors of 1569648.
2, 3, 53, 617
What are the prime factors of 3031594?
2, 47, 32251
List the prime factors of 5914628.
2, 661, 2237
What are the prime factors of 2072718?
2, 3, 115151
What are the prime factors of 1124321?
11, 43, 2377
What are the prime factors of 10290637?
7, 23, 397
What are the prime factors of 7509683?
41, 151, 1213
What are the prime factors of 786703?
786703
What are the prime factors of 3605000?
2, 5, 7, 103
List the prime factors of 210937.
37, 5701
What are the prime factors of 16709628?
2, 3, 13, 43, 47, 53
What are the prime factors of 20321162?
2, 10160581
List the prime factors of 1152091.
1152091
What are the prime factors of 49096?
2, 17, 19
List the prime factors of 1157522.
2, 449, 1289
List the prime factors of 451870.
2, 5, 73, 619
List the prime factors of 12732073.
29, 89, 4933
List the prime factors of 9677027.
9677027
List the prime factors of 9773371.
1559, 6269
What are the prime factors of 1135885?
5, 227177
What are the prime factors of 352030?
2, 5, 7, 47, 107
What are the prime factors of 4265041?
11, 43, 71, 127
List the prime factors of 31529088.
2, 3, 3041
What are the prime factors of 1175518?
2, 257, 2287
List the prime factors of 511640.
2, 5, 12791
List the prime factors of 2721197.
2721197
What are the prime factors of 180862?
2, 11, 8221
What are the prime factors of 210446?
2, 139, 757
What are the prime factors of 1011261?
3, 521, 647
What are the prime factors of 204514?
2, 293, 349
What are the prime factors of 1635107?
29, 56383
What are the prime factors of 1401116?
2, 37, 9467
List the prime factors of 985205.
5, 13, 23, 659
List the prime factors of 394754.
2, 31, 6367
What are the prime factors of 461506?
2, 29, 73, 109
List the prime factors of 1166817.
3, 131, 2969
What are the prime factors of 91088?
2, 5693
List the prime factors of 8533016.
2, 283, 3769
List the prime factors of 3282860.
2, 5, 7, 131, 179
List the prime factors of 36657.
3, 4073
What are the prime factors of 1652720?
2, 5, 73, 283
List the prime factors of 7554621.
3, 277, 9091
List the prime factors of 1622711.
1622711
List the prime factors of 581462.
2, 7, 41, 1013
List the prime factors of 128223.
3, 1583
What are the prime factors of 122058?
2, 3, 6781
List the prime factors of 787102.
2, 393551
List the prime factors of 940136.
2, 117517
What are the prime factors of 214233?
3, 71411
List the prime factors of 24810722.
2, 881, 14081
What are the prime factors of 2398659?
3, 799553
What are the prime factors of 1822561?
13, 140197
What are the prime factors of 120143?
317, 379
What are the prime factors of 146399?
11, 13309
What are the prime factors of 2708247?
3, 53, 17033
What are the prime factors of 1779360?
2, 3, 5, 11, 337
What are the prime factors of 1952273?
911, 2143
List the prime factors of 703678.
2, 193, 1823
List the prime factors of 1187492.
2, 29, 353
List the prime factors of 18790531.
18790531
What are the prime factors of 490321?
13, 37717
List the prime factors of 12366102.
2, 3, 7, 294431
What are the prime factors of 12094820?
2, 5, 17, 35573
What are the prime factors of 3610711?
13, 277747
List the prime factors of 1385263.
11, 125933
List the prime factors of 338003.
227, 1489
What are the prime factors of 5417252?
2, 89, 15217
What are the prime factors of 2508595?
5, 501719
What are the prime factors of 8313718?
2, 7, 23, 25819
What are the prime factors of 19301102?
2, 9650551
What are the prime factors of 2644574?
2, 1322287
What are the prime factors of 87790?
2, 5, 8779
List the prime factors of 216628.
2, 31, 1747
What are the prime factors of 14367055?
5, 331, 8681
List the prime factors of 2789026.
2, 23, 60631
List the prime factors of 28518944.
2, 41, 21737
List the prime factors of 937123.
11, 85193
What are the prime factors of 20191856?
2, 211, 5981
List the prime factors of 96817.
7, 13831
List the prime factors of 6516907.
6516907
List the prime factors of 406487.
17, 23911
List the prime factors of 18259261.
59, 309479
List the prime factors of 9779823.
3, 1086647
List the prime factors of 11131055.
5, 13, 19, 9013
What are the prime factors of 181630?
2, 5, 41, 443
What are the prime factors of 13461553?
7, 1923079
List the prime factors of 3295710.
2, 3, 5, 11, 3329
List the prime factors of 3961676.
2, 31, 43, 743
What are the prime factors of 4851199?
47, 103217
What are the prime factors of 254323?
41, 6203
List the prime factors of 303517.
257, 1181
What are the prime factors of 2927268?
2, 3, 31, 43, 61
List the prime factors of 72961.
7, 1489
What are the prime factors of 163623?
3, 54541
What are the prime factors of 3114201?
3, 599, 1733
Lis